dreds digit of 3790?
7
What is the units digit of 2735?
5
What is the units digit of 13608?
8
What is the units digit of 10078?
8
What is the units digit of 27540?
0
What is the ten thousands digit of 18716?
1
What is the ten thousands digit of 10415?
1
What is the tens digit of 3092?
9
What is the units digit of 1270?
0
What is the units digit of 1464?
4
What is the tens digit of 71385?
8
What is the tens digit of 270?
7
What is the hundreds digit of 3397?
3
What is the tens digit of 59607?
0
What is the hundreds digit of 367?
3
What is the units digit of 2697?
7
What is the tens digit of 184?
8
What is the hundreds digit of 5042?
0
What is the units digit of 7862?
2
What is the hundreds digit of 26258?
2
What is the tens digit of 25097?
9
What is the hundreds digit of 10103?
1
What is the units digit of 35783?
3
What is the ten thousands digit of 102870?
0
What is the units digit of 78208?
8
What is the hundreds digit of 1825?
8
What is the units digit of 9469?
9
What is the hundreds digit of 793?
7
What is the tens digit of 38547?
4
What is the hundreds digit of 3665?
6
What is the units digit of 6983?
3
What is the tens digit of 4830?
3
What is the ten thousands digit of 14602?
1
What is the hundreds digit of 20729?
7
What is the units digit of 7543?
3
What is the hundreds digit of 2183?
1
What is the thousands digit of 1163?
1
What is the tens digit of 11217?
1
What is the units digit of 76?
6
What is the thousands digit of 10688?
0
What is the tens digit of 2790?
9
What is the hundreds digit of 3800?
8
What is the thousands digit of 92066?
2
What is the hundreds digit of 1470?
4
What is the tens digit of 30477?
7
What is the ten thousands digit of 13865?
1
What is the ten thousands digit of 21127?
2
What is the ten thousands digit of 16367?
1
What is the tens digit of 6285?
8
What is the tens digit of 49369?
6
What is the units digit of 7310?
0
What is the hundreds digit of 2130?
1
What is the tens digit of 3526?
2
What is the thousands digit of 10589?
0
What is the hundreds digit of 4333?
3
What is the thousands digit of 35076?
5
What is the thousands digit of 8895?
8
What is the tens digit of 8499?
9
What is the hundreds digit of 265?
2
What is the tens digit of 595?
9
What is the tens digit of 809?
0
What is the thousands digit of 14241?
4
What is the tens digit of 16038?
3
What is the tens digit of 14941?
4
What is the hundreds digit of 1166?
1
What is the units digit of 35473?
3
What is the ten thousands digit of 36223?
3
What is the hundreds digit of 69246?
2
What is the ten thousands digit of 38639?
3
What is the units digit of 45779?
9
What is the tens digit of 2170?
7
What is the tens digit of 2366?
6
What is the hundreds digit of 49744?
7
What is the units digit of 1128?
8
What is the tens digit of 319?
1
What is the units digit of 536?
6
What is the tens digit of 89259?
5
What is the thousands digit of 15944?
5
What is the hundreds digit of 24375?
3
What is the units digit of 7457?
7
What is the tens digit of 1337?
3
What is the hundreds digit of 85467?
4
What is the hundreds digit of 1248?
2
What is the hundreds digit of 61885?
8
What is the tens digit of 2415?
1
What is the hundreds digit of 260?
2
What is the units digit of 83803?
3
What is the tens digit of 17231?
3
What is the units digit of 53?
3
What is the tens digit of 16440?
4
What is the units digit of 154?
4
What is the thousands digit of 90980?
0
What is the units digit of 4350?
0
What is the ten thousands digit of 45306?
4
What is the tens digit of 74999?
9
What is the thousands digit of 19251?
9
What is the tens digit of 655?
5
What is the tens digit of 2833?
3
What is the units digit of 538?
8
What is the tens digit of 9026?
2
What is the hundreds digit of 1916?
9
What is the units digit of 10038?
8
What is the hundreds digit of 6095?
0
What is the hundreds digit of 2568?
5
What is the thousands digit of 19966?
9
What is the thousands digit of 6001?
6
What is the ten thousands digit of 15305?
1
What is the units digit of 8279?
9
What is the hundreds digit of 118?
1
What is the thousands digit of 2642?
2
What is the units digit of 3?
3
What is the units digit of 23974?
4
What is the ten thousands digit of 26658?
2
What is the thousands digit of 2801?
2
What is the units digit of 2862?
2
What is the units digit of 540?
0
What is the thousands digit of 8470?
8
What is the units digit of 106616?
6
What is the hundreds digit of 1400?
4
What is the thousands digit of 5015?
5
What is the hundreds digit of 12223?
2
What is the thousands digit of 6184?
6
What is the ten thousands digit of 30495?
3
What is the thousands digit of 5760?
5
What is the units digit of 9930?
0
What is the tens digit of 829?
2
What is the units digit of 104499?
9
What is the hundreds digit of 2073?
0
What is the thousands digit of 5207?
5
What is the tens digit of 165?
6
What is the tens digit of 33776?
7
What is the hundreds digit of 5719?
7
What is the thousands digit of 1185?
1
What is the hundreds digit of 5437?
4
What is the units digit of 974?
4
What is the units digit of 82328?
8
What is the units digit of 46737?
7
What is the hundreds digit of 17060?
0
What is the tens digit of 757?
5
What is the ten thousands digit of 21455?
2
What is the thousands digit of 28888?
8
What is the ten thousands digit of 163685?
6
What is the tens digit of 263?
6
What is the units digit of 83269?
9
What is the ten thousands digit of 23772?
2
What is the thousands digit of 20327?
0
What is the hundreds digit of 1078?
0
What is the thousands digit of 161359?
1
What is the ten thousands digit of 85408?
8
What is the units digit of 1327?
7
What is the ten thousands digit of 16404?
1
What is the hundreds digit of 37093?
0
What is the tens digit of 399?
9
What is the units digit of 6541?
1
What is the units digit of 101132?
2
What is the thousands digit of 1652?
1
What is the thousands digit of 1575?
1
What is the units digit of 653?
3
What is the hundreds digit of 595?
5
What is the units digit of 11264?
4
What is the tens digit of 15876?
7
What is the units digit of 17446?
6
What is the tens digit of 186239?
3
What is the thousands digit of 4542?
4
What is the tens digit of 10154?
5
What is the thousands digit of 7603?
7
What is the units digit of 15299?
9
What is the units digit of 2668?
8
What is the thousands digit of 53883?
3
What is the ten thousands digit of 125403?
2
What is the thousands digit of 26493?
6
What is the thousands digit of 11942?
1
What is the tens digit of 1838?
3
What is the thousands digit of 1577?
1
What is the hundreds digit of 7220?
2
What is the ten thousands digit of 74940?
7
What is the thousands digit of 5535?
5
What is the tens digit of 376?
7
What is the units digit of 53817?
7
What is the ten thousands digit of 41221?
4
What is the hundreds digit of 16873?
8
What is the units digit of 22413?
3
What is the thousands digit of 4815?
4
What is the units digit of 2122?
2
What is the units digit of 3931?
1
What is the ten thousands digit of 176982?
7
What is the tens digit of 4273?
7
What is the hundreds digit of 7031?
0
What is the units digit of 1811?
1
What is the hundreds digit of 93315?
3
What is the tens digit of 134896?
9
What is the tens digit of 27809?
0
What is the ten thousands digit of 29236?
2
What is the thousands digit of 4833?
4
What is the tens digit of 458?
5
What is the hundreds digit of 24708?
7
What is the ten thousands digit of 106548?
0
What is the ten thousands digit of 34548?
3
What is the units digit of 1932?
2
What is the thousands digit of 8306?
8
What is the tens digit of 844?
4
What is the hundreds digit of 42847?
8
What is the thousands digit of 70658?
0
What is the tens digit of 35016?
1
What is the hundreds digit of 940?
9
What is the tens digit of 1128?
2
What is the ten thousands digit of 26093?
2
What is the units digit of 377?
7
What is the tens digit of 7062?
6
What is the tens digit of 657?
5
What is the hundreds digit of 15342?
3
What is the hundreds digit of 201?
2
What is the hundreds digit of 48031?
0
What is the units digit of 129?
9
What is the thousands digit of 6195?
6
What is the tens digit of 48?
4
What is the tens digit of 2370?
7
What is the units digit of 7678?
8
What is the thousands digit of 82904?
2
What is the hundreds dig